reatest common divisor of 104219 and 66127.
89
What is the greatest common divisor of 115 and 1529271955?
115
Calculate the greatest common factor of 105 and 1627370675.
35
What is the highest common divisor of 76919255 and 700?
35
Calculate the greatest common divisor of 9356247 and 974331.
13347
What is the greatest common factor of 748935 and 53790?
165
Calculate the highest common factor of 12 and 38631612.
12
What is the greatest common divisor of 617588848 and 4668?
1556
What is the highest common divisor of 270 and 102423190?
10
Calculate the highest common factor of 186653677 and 4529.
4529
What is the greatest common divisor of 25023 and 1168179?
1317
Calculate the greatest common factor of 27676 and 19110278.
13838
Calculate the highest common factor of 553450 and 800.
50
What is the greatest common divisor of 340812386 and 3902?
3902
Calculate the highest common divisor of 529470 and 234790.
530
Calculate the greatest common divisor of 1366 and 2527783.
683
Calculate the highest common factor of 71148 and 13861155.
2541
What is the greatest common divisor of 654321194 and 170?
34
What is the greatest common divisor of 8398 and 86313656?
494
What is the greatest common factor of 2340 and 57083364?
468
Calculate the greatest common factor of 1293 and 7638182.
431
What is the highest common divisor of 1323552 and 2433?
2433
What is the greatest common divisor of 142825 and 1915825?
4925
Calculate the highest common factor of 209535 and 73509.
687
What is the highest common factor of 67725 and 432795?
645
What is the greatest common factor of 919157 and 36186?
163
What is the highest common factor of 2842 and 34690873?
1421
Calculate the greatest common divisor of 11450760 and 55500.
2220
Calculate the highest common factor of 19431 and 1066419.
1143
What is the highest common divisor of 1625385 and 20?
5
What is the highest common factor of 160 and 1104310?
10
Calculate the greatest common factor of 200803 and 648567.
157
Calculate the highest common divisor of 121536 and 2378304.
576
What is the greatest common factor of 2304 and 4453824?
192
Calculate the greatest common factor of 11420526 and 1014.
78
Calculate the greatest common factor of 40284 and 58536.
108
What is the highest common divisor of 526371840 and 2560?
2560
Calculate the greatest common factor of 59 and 20872253.
59
What is the highest common factor of 5422000 and 7625?
125
What is the highest common factor of 40203 and 703863?
27
Calculate the greatest common divisor of 285272 and 109512.
1352
Calculate the greatest common divisor of 4742358 and 114.
6
What is the greatest common divisor of 276 and 1070246028?
276
What is the greatest common factor of 243 and 5539374?
27
What is the highest common factor of 25 and 302395175?
25
Calculate the greatest common factor of 23 and 1637280737.
23
What is the highest common divisor of 713 and 12908428?
23
Calculate the highest common factor of 3411 and 684553969.
379
What is the highest common factor of 55446470 and 28530?
3170
What is the highest common factor of 80828 and 21331244?
7348
What is the highest common factor of 1521 and 6892353?
117
What is the greatest common factor of 443810 and 30070?
10
What is the greatest common factor of 72171 and 100639179?
6561
What is the greatest common divisor of 16249 and 2412651520?
16249
What is the greatest common factor of 83952 and 1893936?
528
What is the highest common divisor of 1225209867 and 534?
267
What is the highest common factor of 625376 and 8264?
8
Calculate the highest common divisor of 180544 and 14058624.
1984
Calculate the highest common divisor of 7741718 and 10616.
2654
Calculate the highest common factor of 418 and 31041978.
22
Calculate the greatest common factor of 32 and 14762632.
8
Calculate the greatest common factor of 16207409 and 5202.
289
Calculate the highest common factor of 922293 and 126.
9
What is the highest common divisor of 13847 and 190930?
61
Calculate the greatest common factor of 8065776 and 224.
16
What is the highest common divisor of 5738724 and 306?
306
Calculate the greatest common divisor of 534080 and 133360.
80
Calculate the greatest common factor of 1090107 and 12.
3
Calculate the highest common factor of 56 and 25000.
8
What is the highest common factor of 146320 and 47307085?
9145
What is the highest common divisor of 683507781 and 66?
33
What is the greatest common factor of 83860 and 156866120?
11980
What is the greatest common factor of 759 and 192610671?
759
Calculate the highest common factor of 260294684 and 25207.
3601
What is the highest common factor of 48925 and 129265?
515
What is the highest common divisor of 31720 and 1246840?
2440
Calculate the greatest common divisor of 13439 and 102617.
89
Calculate the highest common divisor of 214825165 and 795.
265
What is the highest common factor of 63 and 6813891?
63
Calculate the highest common divisor of 1224 and 98508.
12
Calculate the greatest common factor of 127 and 29797629.
127
What is the greatest common factor of 1114722 and 645246?
1134
What is the greatest common factor of 71379075 and 330?
15
What is the greatest common divisor of 682 and 2440258?
62
Calculate the highest common factor of 2385 and 39709455.
795
Calculate the greatest common divisor of 40004352 and 16.
16
Calculate the greatest common factor of 39000465 and 9877.
119
Calculate the greatest common factor of 182104132 and 644.
28
What is the greatest common factor of 1824388 and 35868?
244
Calculate the highest common divisor of 240 and 67092240.
240
What is the greatest common divisor of 5950 and 7050050?
350
Calculate the highest common divisor of 846 and 1934128584.
846
What is the highest common factor of 10543 and 169403?
13
What is the highest common factor of 3132 and 30743248?
116
Calculate the greatest common divisor of 28483 and 66145664.
4069
What is the greatest common factor of 61226 and 501952?
506
What is the highest common factor of 9 and 192831432?
3
What is the highest common divisor of 1271680 and 880640?
640
What is the greatest common divisor of 1152648 and 3668?
28
What is the highest common divisor of 1657 and 9782928?
1657
Calculate the greatest common factor of 369607 and 28861.
931
What is the highest common factor of 97 and 59674691?
97
Calculate the greatest common factor of 60650 and 18650.
50
Calculate the highest common divisor of 1118345 and 43485.
1115
Calculate the highest common divisor of 4358809 and 38.
19
Calculate the greatest common factor of 25308 and 1846078.
1406
What is the highest common divisor of 512 and 7467136?
128
What is the greatest common divisor of 11613294 and 88?
22
Calculate the greatest common factor of 18 and 20431623.
3
Calculate the highest common divisor of 145529285 and 22.
11
What is the highest common divisor of 390803616 and 4998?
4998
Calculate the highest common divisor of 1762883794 and 2282.
2282
Calculate the greatest common factor of 539746 and 44.
2
Calculate the greatest common divisor of 21230595 and 90.
45
Calculate the highest common divisor of 1548378 and 936.
234
Calculate the highest common factor of 80765 and 73880480.
2785
What is the greatest common factor of 19721 and 18533476?
533
What is the greatest common factor of 19238879 and 3565?
713
Calculate the highest common divisor of 132 and 6844816.
44
Calculate the highest common factor of 2584 and 80742248.
2584
What is the greatest common divisor of 23993718 and 282?
6
What is the greatest common divisor of 10272 and 5309982?
642
What is the highest common factor of 987040 and 96?
32
What is the greatest common divisor of 69888 and 3259256?
728
What is the greatest common factor of 4589 and 365209?
13
Calculate the highest common factor of 23774374 and 2262.
754
What is the greatest common factor of 23668 and 13099656?
388
What is the greatest common factor of 733502 and 148588?
242
Calculate the highest common divisor of 24407488 and 543.
181
Calculate the greatest common factor of 5943269 and 115.
23
Calculate the greatest common divisor of 115800 and 424.
8
Calculate the greatest common factor of 1323 and 183808926.
189
What is the greatest common divisor of 1108612 and 13775?
551
Calculate the highest common factor of 1468308 and 95903.
3307
What is the